 8. Let q be i(8). Suppose 4*s + q*s = 0. Calculate x(s).
6
Let w(c) = c**2 + 2*c + 3. Suppose 17 = -5*d + f, d - 6*d - 4*f - 7 = 0. Calculate w(d).
6
Let j(t) be the first derivative of t**3/3 + t - 4. Let n = 2 + -3. Give j(n).
2
Let z(p) = -p + 8. Let c be z(8). Let i(d) = -d + 7*d**2 + d - d**3 + c - 6*d - 4. Determine i(6).
-4
Let j(t) = -t**3 - 5*t**2 - 3*t - 2. Let n be (0 - (-2 - 0))*-1. Let z = 4 + n. Suppose -8 = x - 4*y, -z*x + 5*y = 10 + 3. Give j(x).
-6
Let a(g) = -g. Let t(d) = -2. Let v(r) = -5*a(r) + t(r). Let f(y) = -y**3 + 5*y**2 - 5*y + 6. Let b be f(4). Determine v(b).
8
Let h = -67 + 47. Let o = h + 14. Let j(w) = -2*w**2 - 10*w - 6. Give j(o).
-18
Let n = 0 - 1. Let x = -11 + 7. Let t be (3 - (-3)/n) + x. Let a(i) = i - 5. Give a(t).
-9
Let p be 2 - (1 + 0)*1. Let k(m) = -1 - 2 - p + 2*m + m. Give k(3).
5
Let d = 0 - -5. Let g(v) = -v + 6. Determine g(d).
1
Suppose 5*p + q - 11 = 0, 3*p - 5*q = 2*p + 23. Suppose -p*f + 24 = -0*f. Let j(c) = c**2 + f*c + 0*c**2 - 5*c. What is j(-2)?
-2
Let j(s) = -11*s**3 - 2*s**2 + 1. Let h be (-25)/20 - 2/(-8). Let i be 1/2*h*-2. Determine j(i).
-12
Let j = -35 + 40. Let y(n) = n - 4. What is y(j)?
1
Let t(q) = q**3 + 2*q**2 + 3*q + 2. Let n(v) = -4*v. Let z be n(-1). Suppose g = -2*g - 15, -z*m - 4*g - 28 = 0. Calculate t(m).
-4
Let z(n) = -n**2 + 7*n - 7. Let b = 20 + -14. Suppose -b = -j - 2. Let f = j - -1. Give z(f).
3
Let d = 16 - 6. Let m = d - 15. Let u(r) = -3*r**3 - 4*r**2 - 4*r + 4. Let f(t) = 13*t**3 + 15*t**2 + 16*t - 15. Let y(l) = 2*f(l) + 9*u(l). Calculate y(m).
1
Let k(a) = a - 5. Suppose 10*v - 44 = 66. Determine k(v).
6
Let b(z) be the first derivative of z**2/2 + 2*z + 1. Suppose -4*i = n - 2, i = -5*n - 2*i + 10. Suppose -5*v = 3*j - 1 + 28, -j + 2 = -n*v. Determine b(j).
-2
Let h(v) be the first derivative of 10*v**3/3 - v**2/2 - v + 16. Calculate h(-1).
10
Let z(l) = l + 1. Let d(u) = -2*u. Let k(s) = -d(s) - z(s). Let j be (3/9)/((-1)/(-9)). Suppose j*v - 14 = 2*p + 4*v, 5 = -5*p + 5*v. Calculate k(p).
-6
Let k(q) be the third derivative of 0*q + 1/60*q**5 + 0 - 1/24*q**6 + 3*q**2 + 1/6*q**3 - 1/24*q**4. Suppose o - 3 + 2 = 0. What is k(o)?
-4
Let m(s) = -s**2 + 3*s + 8. Let v(r) = 4*r - 6. Let d be v(9). Suppose -3*c + d = 2*c. What is m(c)?
-10
Let c(d) = -d**2 + 10*d + 5. Let u be c(10). Suppose -2*i - 7 = u. Let j(x) = x**2 + 7*x + 2. Determine j(i).
-4
Let d(i) = -5 + 0*i**2 - i + i**2 + 4. Let m = -4 - -4. Suppose m = 4*t + 4*u - 20, 13 - 3 = 2*u. Determine d(t).
-1
Let c be (-6)/9 + (-22)/(-6). Let n(q) = -4 - 1 - 2 + 6 + 2*q. Give n(c).
5
Suppose -3*u = 0, -x - 1 = -8*u + 3*u. Let l be (2/(-5))/(x/15). Suppose 4*w = 2 - l. Let r(o) = o + 1. Give r(w).
0
Let g(m) be the second derivative of -11*m**3/6 - m**2 + 13*m. Give g(2).
-24
Suppose -5*w + 2 = 22. Suppose 0 = 5*p - 7 - 13. Let y(u) = 7*u**2 + 11*u - 4. Let s(k) = -6*k**2 - 10*k + 3. Let x(d) = p*y(d) + 5*s(d). What is x(w)?
-9
Let i(x) = -5*x**2 - 11*x. Let k(u) = 4*u**2 + 10*u. Let f(o) = 5*i(o) + 6*k(o). Give f(3).
6
Let l(v) = 4 - 3 - 134*v + 133*v. Let k = -5 - 0. What is l(k)?
6
Let t(x) = x**3 + 3*x**2 + 4*x - 5. Let l(z) = -2*z**3 - 7*z**2 - 9*z + 10. Let q(c) = -4*l(c) - 9*t(c). Give q(0).
5
Suppose 0 = -2*p + 2, 7 = -2*t - 2*p - 5. Let d = 10 + t. Let s(y) = -2*y - 4*y**3 + 5*y**2 + 2 - 3*y + 3*y**d. Calculate s(4).
-2
Suppose v + 25 = -3*h + 6, 4*v + 49 = -3*h. Let u = 9 + v. Let i(w) = -14*w - 1. Let q(k) = -13*k - 1. Let j(l) = -4*i(l) + 5*q(l). What is j(u)?
8
Let k(f) be the second derivative of f**7/1260 - f**6/360 - f**5/60 - f**4/4 - 3*f. Let q(y) be the third derivative of k(y). Calculate q(-2).
10
Let o(q) be the second derivative of -q**5/10 + q**4/12 - q**2/2 + 23*q. What is o(-1)?
2
Let i(b) = b - 12. Let g be i(15). Suppose 0 = 3*d - g. Let t(x) = 4*x**3 + x**2. What is t(d)?
5
Let v(s) = -s + 2*s - 3*s + 0*s + 1 + s**2. Calculate v(4).
9
Let i(o) be the third derivative of -o**5/60 + o**4/4 + 4*o**3/3 + 3*o**2. Give i(7).
1
Let f(d) = 1. Let i(s) = 4*s + 2. Let k(a) = -f(a) - i(a). What is k(-4)?
13
Let n(g) = -3*g + 4. Let f(c) = c**3 + 7*c**2 + 3*c - 7. Let v(m) = 3*m**3 + 21*m**2 + 8*m - 20. Let h(x) = 8*f(x) - 3*v(x). Let t be h(-7). Determine n(t).
-8
Let r(b) be the third derivative of -b**7/5040 - b**6/720 + b**5/60 + 2*b**2. Let s(c) be the third derivative of r(c). Let w = 8 - 4. Calculate s(w).
-5
Let q(h) = -3*h + 3*h + 0*h - h - 1. Suppose -15 = o - 4*o. Suppose 3*s + 37 = 5*v - s, 40 = o*v - 5*s. Give q(v).
-6
Let l(q) = -2*q**3 + 15*q**2 + 17*q + 9. Let y(j) = -j**3 + 7*j**2 + 8*j + 4. Let n(p) = 2*l(p) - 5*y(p). Determine n(6).
-2
Let r(n) = -2*n**2 - 7*n + 10. Let d(a) = -a**2 - 3*a + 5. Let x(p) = -5*d(p) + 3*r(p). Let c(u) = -2*u**2 - 3*u + 4. Let z be c(-3). Calculate x(z).
10
Let y be (-5)/(-2)*8/10. Suppose y*h - h = 0. Let w(u) = 3*u**2 + u + 7. Let r(k) = -4*k**2 - k - 6. Let v(a) = -2*r(a) - 3*w(a). Calculate v(h).
-9
Let w be -2*3*(-4)/8. Let t(r) = -r + 6. Give t(w).
3
Let u(r) be the second derivative of -r**5/60 + 5*r**4/24 + r**3/2 + 6*r. Let d(f) be the second derivative of u(f). Calculate d(5).
-5
Let v(b) = 3*b - 9. Let w(p) = 13*p - 39. Let c(s) = 18*v(s) - 4*w(s). Let f = -36 - -54. Suppose 2*t = -t + f. Determine c(t).
6
Suppose 0 = 4*x + 2 - 10. Let u(s) = s - x*s + 4 + 0*s. Suppose -3*t + 15 = -8*t. Give u(t).
7
Suppose -23 = -5*p + 2*m, -p + 3*m + 10 = 8*m. Suppose -p*b = -3*b - 6. Let g(y) = -3*y + 8. Let v(f) = -4*f + 12. Let s(d) = 7*g(d) - 5*v(d). What is s(b)?
-7
Let l(q) = q**3 + 5*q**2 - 4*q + 4. Let m be 4 + -4 + (-11 - -5). What is l(m)?
-8
Let s be ((-9)/(-6))/((-9)/(-12)). Suppose 2*m - 5 - 3 = c, 3*c = s*m - 16. Let u(v) = 7 + 6*v**m - v**2 - 6*v + 1 - v**3 - 3. Give u(4).
-3
Let n(h) = -h**3 + 5*h**2 - h + 2. Let b = 4 + -6. Let s be 2 - (-3 + 2 + b). Suppose 0 = j + 3*j - x - 16, -4*j = s*x - 40. Calculate n(j).
-3
Let y = 11 + -19. Let h = y + 4. Let u(z) = z - 6. Let k(p) = -2*p + 18. Let c(q) = 3*k(q) + 8*u(q). Determine c(h).
-2
Let v(b) = 6*b. Let q be v(-1). Let c(u) = u**2 + 8*u - 1. Determine c(q).
-13
Let h(y) = -y**2 + 9*y - 9. Let q = 13 - 7. What is h(q)?
9
Suppose 5*m + 0 = -5. Let y(p) = 2*p**3 - p**2 - 2*p - 1. Determine y(m).
-2
Let b be ((-16)/6)/(2/(-3)). Let a(l) be the first derivative of -1/4*l**4 - l + 5/3*l**3 - 5/2*l**2 - 1. Calculate a(b).
-5
Let n(h) = h + 1. Let c(m) = 2*m**3 - 2*m**2 - 13*m + 27. Let f(d) = -d**3 + d**2 + 6*d - 13. Let z(s) = -6*c(s) - 13*f(s). Let p be z(0). Give n(p).
8
Let m(h) = 2*h**2 - 41*h**3 + 11*h**2 + 4 + 36*h**3 + 3*h. Let i(y) = -3*y**3 + 7*y**2 + 2*y + 2. Let v(a) = -7*i(a) + 4*m(a). What is v(-3)?
8
Let x = 1 - 1. Let l(g) be the first derivative of g**3/3 + g**2/2 - 6*g + 10. Determine l(x).
-6
Suppose 0 = -2*v + v + 2. Let h be 3 - 1/(v/18). Let q(w) = -w**2 - 8*w - 5. Calculate q(h).
7
Let r be 55/(-33)*(-5 + 2)/(-1). Let y(z) = z**3 + 5*z**2 - 2. Determine y(r).
-2
Let h(k) be the first derivative of -k**2/2 - 3*k - 1. Let v = -11 + 8. Let d be h(v). Let i(q) = -q - 6. Determine i(d).
-6
Suppose j = -j. Let p(r) = r**2 - r - 8. Give p(j).
-8
Let k(m) = m**3 - 3. Suppose 3*n - 5 = 4. Let j be 3/9*0*-1. Suppose -n*x + x = j. Determine k(x).
-3
Let d be 6/12 - 9/2. Let v be (8/(-6))/((-4)/6). Let m(l) = -l**2 - v*l - 3 - 3*l - 2. Calculate m(d).
-1
Suppose -l = 4*l - 20. Let b(w) = -w**2 - w + 1. Let q(s) = 2*s**2 + 9*s - 4. Let t(v) = -3*b(v) - q(v). What is t(l)?
-7
Let f(u) be the first derivative of u**4/4 - 7*u**3/3 + 3*u**2/2 - 6*u - 1. Calculate f(7).
15
Let d(b) = b**2 + 6*b + 4. Let t be d(-4). Let z(l) = l**2 + 2*l - 4. Determine z(t).
4
Let y(d) = 3*d - 6 + 0*d - d + 0*d. Suppose -2*o = 3*g + o + 3, g + 5*o = 3. Let l be (-2)/(-4)*4 - g. Give y(l).
2
Suppose -5 = -3*c - 2. Let p(s) = 8*s**3 - 4*s**2 - 3*s. Let g(v) = 23*v**3 - 11*v**2 - 8*v. Let z(t) = -3*g(t) + 8*p(t). Calculate z(c).
-4
Let n(m) = -m**2 - 9*m + 1. Let w(i) = 4*i**2 + 28*i - 2. Let u = -6 + 4. Let z(f) = u*w(f) - 7*n(f). Give z(5).
7
Let s be (-55)/(-15) + (-4)/6. Let w(h) = -h - 2. What is w(s)?
-5
Let y be 104/24 + 4/(-12). Let p be (-2)/4 - 9/(-2). Suppose -4 = y*c + 2*g, -p*g = -g + 12. Let h(x) = 10*x**3 + 2*x**2 - x. Give h(c).
11
Let x be (-7)/(196/(-12))*7. Let o(m) = 5*m**2 -